{"id":54,"date":"2018-10-25T15:33:21","date_gmt":"2018-10-25T15:33:21","guid":{"rendered":"http:\/\/polizeichor-detmold.de\/?page_id=54"},"modified":"2023-10-13T09:10:03","modified_gmt":"2023-10-13T09:10:03","slug":"die-gruendung","status":"publish","type":"page","link":"https:\/\/polizeichor-detmold.de\/?page_id=54","title":{"rendered":"Die Gr\u00fcndung  -Erinnerungen-"},"content":{"rendered":"<p><span style=\"color: #000000;\"><span style=\"font-family: Open Sans, sans-serif;\"><span style=\"font-size: medium;\"><em><strong>Erich Schlingmann<\/strong><\/em>:<b> <\/b>\u201e<em>Mein Chef, der damalige Kriminal-Inspektor und Leiter der Kripo in Detmold, Gustav Solle, sprach uns alle pers\u00f6nlich an: &#8222;Meine Herren, n\u00e4chste Woche findet im Hotel zum Hermann, Detmold, Grabbestra\u00dfe, die Gr\u00fcndung des Polizei-Gesang-Vereins statt. Ich erwarte, dass alle dabei sind.` Kann sein, dass er auch `bitte` gesagt hat. Aber das war, so oder so, f\u00fcr uns alle ein Befehl.<\/em>\u201c<\/span><\/span><\/span><\/p>\n<p><span style=\"color: #000000;\">\u201e<span style=\"font-family: Open Sans, sans-serif;\"><span style=\"font-size: medium;\"><em>Bei der Schutzpolizei<\/em>\u201c, so <em><strong>Hans J\u00fcrgens<\/strong><\/em>, \u201e<em>wurde ein dienstliches Rundschreiben in Umlauf gesetzt, um die Kameraden f\u00fcr den neuen Verein zu gewinnen. Sp\u00e4ter habe ich auch viele Kollegen bei der neu entstandenen Verkehrs-\u00dcberwachungs-Bereitschaft (V\u00dcB) geworben. Zu danken ist unserem ersten Chorleiter Helmut Korte, der unser musikalischer Leiter vom Anfang bis 1954 war<\/em>.\u201c<\/span><\/span><\/span><\/p>\n<p><span style=\"color: #000000;\"><span style=\"font-family: Open Sans, sans-serif;\"><span style=\"font-size: medium;\">Bereits vorher hatte der schon existierende \u201ePolizeis\u00e4ngerbund Nordrhein-Westfalen\u201c im April 1951 \u00fcber die \u00f6rtlichen und regionalen Grenzen hinweg geworben: Allen \u201eChefs der Polizei\u201c lag die Bitte vor, die Bildung von Polizeich\u00f6ren zu unterst\u00fctzen.<\/span><\/span><\/span><\/p>\n<p><span style=\"color: #000000;\"><span style=\"font-family: Open Sans, sans-serif;\"><span style=\"font-size: medium;\">Der heilsame Zwang, der pers\u00f6nliche Einsatz und die F\u00f6rderung von oben f\u00fchrten zum Erfolg: <strong>26 S\u00e4nger<\/strong>, alles Polizeibedienstete der verschiedenen Sparten, bilden am\u00a0<\/span><\/span><\/span><span style=\"color: #000000;\"><span style=\"font-family: Open Sans, sans-serif;\"><span style=\"font-size: medium;\"><strong>30. Januar 1952<\/strong> den <strong>Polizei-Gesang-Verein Detmold<\/strong>. Zum ersten Vorsitzenden wurde einer der engagiertesten Initiatoren,<em><strong> Gustav Solle<\/strong><\/em>, gew\u00e4hlt.<\/span><\/span><\/span><\/p>\n<ul>\n<li><a href=\"\/?page_id=56\">Die Festigung<\/a><\/li>\n<\/ul>\n","protected":false},"excerpt":{"rendered":"<p>Erich Schlingmann: \u201eMein Chef, der damalige Kriminal-Inspektor und Leiter der Kripo in Detmold, Gustav Solle, sprach uns alle pers\u00f6nlich an: &#8222;Meine Herren, n\u00e4chste Woche findet im Hotel zum Hermann, Detmold, Grabbestra\u00dfe, die Gr\u00fcndung des Polizei-Gesang-Vereins statt. Ich erwarte, dass alle dabei sind.` Kann sein, dass er auch `bitte` gesagt hat. Aber das war, so oder &hellip; <\/p>\n<p class=\"link-more\"><a href=\"https:\/\/polizeichor-detmold.de\/?page_id=54\" class=\"more-link\"><span class=\"screen-reader-text\">\u201eDie Gr\u00fcndung  -Erinnerungen-\u201c <\/span>weiterlesen<\/a><\/p>\n","protected":false},"author":2,"featured_media":0,"parent":52,"menu_order":1,"comment_status":"closed","ping_status":"closed","template":"","meta":{"footnotes":""},"class_list":["post-54","page","type-page","status-publish","hentry"],"_links":{"self":[{"href":"https:\/\/polizeichor-detmold.de\/index.php?rest_route=\/wp\/v2\/pages\/54","targetHints":{"allow":["GET"]}}],"collection":[{"href":"https:\/\/polizeichor-detmold.de\/index.php?rest_route=\/wp\/v2\/pages"}],"about":[{"href":"https:\/\/polizeichor-detmold.de\/index.php?rest_route=\/wp\/v2\/types\/page"}],"author":[{"embeddable":true,"href":"https:\/\/polizeichor-detmold.de\/index.php?rest_route=\/wp\/v2\/users\/2"}],"replies":[{"embeddable":true,"href":"https:\/\/polizeichor-detmold.de\/index.php?rest_route=%2Fwp%2Fv2%2Fcomments&post=54"}],"version-history":[{"count":4,"href":"https:\/\/polizeichor-detmold.de\/index.php?rest_route=\/wp\/v2\/pages\/54\/revisions"}],"predecessor-version":[{"id":631,"href":"https:\/\/polizeichor-detmold.de\/index.php?rest_route=\/wp\/v2\/pages\/54\/revisions\/631"}],"up":[{"embeddable":true,"href":"https:\/\/polizeichor-detmold.de\/index.php?rest_route=\/wp\/v2\/pages\/52"}],"wp:attachment":[{"href":"https:\/\/polizeichor-detmold.de\/index.php?rest_route=%2Fwp%2Fv2%2Fmedia&parent=54"}],"curies":[{"name":"wp","href":"https:\/\/api.w.org\/{rel}","templated":true}]}}

Die Gründung  -Erinnerungen-

<p><span style="color: #000000;"><span style="font-family: Open Sans, sans-serif;"><span style="font-size: medium;"><em><strong>Erich Schlingmann</strong></em>:<b> </b>„<em>Mein Chef, der damalige Kriminal-Inspektor und Leiter der Kripo in Detmold, Gustav Solle, sprach uns alle persönlich an: &#8222;Meine Herren, nächste Woche findet im Hotel zum Hermann, Detmold, Grabbestraße, die Gründung des Polizei-Gesang-Vereins statt. Ich erwarte, dass alle dabei sind.` Kann sein, dass er auch `bitte` gesagt hat. Aber das war, so oder so, für uns alle ein Befehl.</em>“</span></span></span></p>
<p><span style="color: #000000;">„<span style="font-family: Open Sans, sans-serif;"><span style="font-size: medium;"><em>Bei der Schutzpolizei</em>“, so <em><strong>Hans Jürgens</strong></em>, „<em>wurde ein dienstliches Rundschreiben in Umlauf gesetzt, um die Kameraden für den neuen Verein zu gewinnen. Später habe ich auch viele Kollegen bei der neu entstandenen Verkehrs-Überwachungs-Bereitschaft (VÜB) geworben. Zu danken ist unserem ersten Chorleiter Helmut Korte, der unser musikalischer Leiter vom Anfang bis 1954 war</em>.“</span></span></span></p>
<p><span style="color: #000000;"><span style="font-family: Open Sans, sans-serif;"><span style="font-size: medium;">Bereits vorher hatte der schon existierende „Polizeisängerbund Nordrhein-Westfalen“ im April 1951 über die örtlichen und regionalen Grenzen hinweg geworben: Allen „Chefs der Polizei“ lag die Bitte vor, die Bildung von Polizeichören zu unterstützen.</span></span></span></p>
<p><span style="color: #000000;"><span style="font-family: Open Sans, sans-serif;"><span style="font-size: medium;">Der heilsame Zwang, der persönliche Einsatz und die Förderung von oben führten zum Erfolg: <strong>26 Sänger</strong>, alles Polizeibedienstete der verschiedenen Sparten, bilden am </span></span></span><span style="color: #000000;"><span style="font-family: Open Sans, sans-serif;"><span style="font-size: medium;"><strong>30. Januar 1952</strong> den <strong>Polizei-Gesang-Verein Detmold</strong>. Zum ersten Vorsitzenden wurde einer der engagiertesten Initiatoren,<em><strong> Gustav Solle</strong></em>, gewählt.</span></span></span></p>
<ul>
<li><a href="/?page_id=56">Die Festigung</a></li>
</ul>

<p>Erich Schlingmann: „Mein Chef, der damalige Kriminal-Inspektor und Leiter der Kripo in Detmold, Gustav Solle, sprach uns alle persönlich an: &#8222;Meine Herren, nächste Woche findet im Hotel zum Hermann, Detmold, Grabbestraße, die Gründung des Polizei-Gesang-Vereins statt. Ich erwarte, dass alle dabei sind.` Kann sein, dass er auch `bitte` gesagt hat. Aber das war, so oder &hellip; </p>
<p class="link-more"><a href="https://polizeichor-detmold.de/?page_id=54" class="more-link"><span class="screen-reader-text">„Die Gründung  -Erinnerungen-“ </span>weiterlesen</a></p>
